155
What is the highest common factor of 2102 and 8?
2
What is the greatest common factor of 52 and 6214?
26
Calculate the greatest common factor of 949 and 93367.
73
Calculate the greatest common divisor of 1044 and 1332.
36
What is the greatest common divisor of 682 and 2033383?
341
What is the highest common divisor of 6222 and 940620?
366
Calculate the highest common divisor of 5712 and 6224.
16
Calculate the highest common factor of 100 and 62120.
20
Calculate the greatest common divisor of 12036 and 8968.
236
Calculate the highest common factor of 11356 and 90.
2
Calculate the highest common factor of 65 and 23361.
13
What is the greatest common factor of 945212 and 57?
19
Calculate the highest common divisor of 17488 and 256.
16
Calculate the highest common factor of 1337350 and 550.
50
Calculate the highest common divisor of 1128 and 868701.
141
Calculate the highest common divisor of 24437 and 532.
7
What is the highest common factor of 386 and 669517?
193
Calculate the greatest common factor of 36 and 54198.
18
Calculate the highest common factor of 150 and 4516275.
75
Calculate the greatest common factor of 945 and 414855.
945
What is the highest common divisor of 8437 and 938041?
767
What is the highest common factor of 14256 and 10044?
324
What is the greatest common factor of 2992704 and 936?
312
What is the highest common divisor of 625 and 26580625?
625
Calculate the highest common divisor of 6 and 3598896.
6
Calculate the greatest common divisor of 112 and 72100.
28
What is the highest common divisor of 1891 and 62?
31
Calculate the greatest common factor of 5668 and 1820.
52
Calculate the highest common factor of 972 and 3807.
81
What is the greatest common divisor of 107700 and 36?
12
What is the greatest common divisor of 89752 and 39?
13
Calculate the highest common factor of 410 and 166.
2
Calculate the highest common factor of 2034091 and 863.
863
Calculate the greatest common factor of 784 and 59836.
28
What is the highest common divisor of 10573 and 2231?
97
What is the highest common divisor of 55880 and 352?
88
Calculate the highest common factor of 55907 and 407.
37
What is the greatest common factor of 5132 and 116?
4
Calculate the greatest common factor of 1829 and 5611.
31
What is the greatest common factor of 4 and 30518?
2
Calculate the highest common factor of 14664 and 1768.
104
Calculate the highest common factor of 33904 and 7696.
208
What is the greatest common divisor of 101712 and 9984?
624
What is the greatest common factor of 497199 and 204?
51
What is the highest common factor of 4575 and 735?
15
What is the highest common factor of 258874 and 28?
14
Calculate the greatest common factor of 384 and 8000.
64
Calculate the greatest common factor of 29964 and 231.
33
Calculate the greatest common divisor of 266778 and 63.
9
Calculate the greatest common factor of 63 and 51331.
7
Calculate the greatest common factor of 12465 and 52907.
277
Calculate the greatest common factor of 1398739 and 617.
617
Calculate the greatest common divisor of 515 and 1585685.
515
Calculate the highest common divisor of 316 and 8156.
4
What is the highest common factor of 989421 and 542?
271
What is the greatest common factor of 2837053 and 251?
251
What is the greatest common divisor of 106 and 126458?
106
What is the highest common factor of 483417 and 297?
99
Calculate the highest common divisor of 3630 and 24105.
15
Calculate the highest common divisor of 6 and 15849.
3
Calculate the highest common divisor of 37328 and 56.
8
What is the highest common divisor of 14596 and 1?
1
Calculate the greatest common factor of 43 and 6574012.
43
Calculate the highest common factor of 6401 and 4152.
173
Calculate the highest common divisor of 208107 and 57.
57
What is the highest common divisor of 1588268 and 220?
44
What is the greatest common factor of 1 and 10159?
1
What is the greatest common divisor of 860711 and 987?
47
What is the highest common factor of 26988 and 5882?
346
What is the greatest common factor of 46000 and 2125?
125
What is the greatest common factor of 154 and 11057354?
154
What is the highest common factor of 110 and 146465?
55
What is the greatest common factor of 48870 and 780?
30
Calculate the highest common divisor of 24891 and 6.
3
Calculate the greatest common divisor of 3103 and 142417.
107
Calculate the highest common factor of 87090 and 60.
30
Calculate the greatest common divisor of 255 and 30243.
51
What is the highest common factor of 980 and 29645?
245
What is the greatest common divisor of 117 and 1478997?
117
Calculate the greatest common factor of 1836 and 272268.
108
What is the greatest common divisor of 1313702 and 26?
26
What is the highest common factor of 54 and 32688?
18
What is the greatest common divisor of 21222 and 162?
162
Calculate the highest common divisor of 259 and 87437.
7
Calculate the greatest common factor of 2070 and 98370.
90
What is the greatest common divisor of 258 and 36808?
86
What is the highest common factor of 21660 and 114?
114
What is the greatest common factor of 3528 and 2604?
84
What is the greatest common divisor of 39649 and 6572?
31
Calculate the greatest common divisor of 14391 and 13325.
533
What is the highest common factor of 10131 and 396?
33
Calculate the greatest common factor of 3152 and 13824.
16
What is the greatest common factor of 60 and 1263040?
20
Calculate the greatest common factor of 698487 and 345.
69
Calculate the highest common factor of 44885 and 1645.
235
Calculate the greatest common factor of 18151 and 28.
7
What is the highest common factor of 72 and 27009?
9
What is the greatest common divisor of 48315 and 15?
15
What is the greatest common divisor of 125 and 763975?
25
What is the greatest common factor of 408 and 22824?
24
Calculate the highest common factor of 418 and 67870.
22
What is the highest common factor of 2292 and 771258?
1146
What is the greatest common divisor of 41308 and 21620?
92
What is the greatest common factor of 678 and 1042086?
678
What is the highest common factor of 32 and 202144?
32
What is the highest common divisor of 7 and 21?
7
Calculate the greatest common divisor of 55045 and 707.
101
What is the greatest common factor of 471 and 114?
3
Calculate the greatest common factor of 7952 and 6328.
56
What is the highest common divisor of 6 and 824536?
2
Calculate the highest common factor of 2829 and 16318.
41
Calculate the greatest common factor of 585 and 651885.
195
What is the highest common factor of 171717 and 637?
91
Calculate the highest common factor of 50022 and 378.
126
Calculate the highest common divisor of 3600 and 1422.
18
Calculate the greatest common divisor of 58 and 490796.
58
What is the greatest common divisor of 4232972 and 152?
76
Calculate the greatest common divisor of 2352 and 1302224.
784
Calculate the greatest common divisor of 962 and 361638.
74
What is the highest common factor of 2522 and 2015?
13
Calculate the highest common factor of 2752 and 1953232.
688
Calculate the highest common divisor of 22128 and 1256.
8
Calculate the highest common factor of 130035 and 60.
15
Calculate the highest common factor of 4698 and 60102.
162
Calculate the highest common factor of 2751 and 14154.
21
What is the highest common divisor of 696238 and 982?
982
Calculate the greatest common divisor of 800 and 25050.
50
What is the greatest common factor of 26828 and 11020?
76
What is the greatest common divisor of 65767 and 91?
13
Calculate the highest common divisor of 2 and 2568.
2
What is the highest common factor of 207 and 309051?
207
What is the highest common factor of 113580 and 45?
45
Calculate the highest common factor of 3360 and 207120.
240
What is the greatest common divisor of 2366 and 147368?
338
Calculate the greatest common factor of 140429 and 1167.
389
What is the greatest common factor of 241 and 1766048?
241
Calculate the greatest common factor of 980 and 15361500.
980
What is the highest common divisor of 210 and 310814?
14
What is the highest common factor of 188676 and 432?
108
What is the highest common factor of 435886 and 66?
22
Calculate the highest common divisor of 33780 and 1050.
30
What is the highest common factor of 80767 and 17?
17
What is the highest comm